 the units digit of (0 - x)/(5/(-10))?
6
Let c(r) = -r**3 - 2*r**2 + r + 2. What is the units digit of c(-3)?
8
Let v(i) = 2*i - 15. Let l be v(-11). Let d = l - -68. What is the tens digit of d?
3
What is the units digit of 306/8 - 3/12?
8
Let w = -11 + 14. What is the tens digit of w - 14*(-6)/4?
2
Suppose -2*v = -3*v + 14. What is the tens digit of v?
1
Suppose 0 = 7*w - 3*w - 224. What is the tens digit of w?
5
Suppose -46 - 29 = 5*o. Let x = o - -28. What is the units digit of x?
3
Let v = 7 - 21. Suppose 4 = -c - 3. Let g = c - v. What is the units digit of g?
7
Let c = -10 + 3. Let y = c - -11. What is the units digit of (y/6)/(4/30)?
5
Suppose 2*n - 2 = -4*o, 3*o = o - 4. Let g = -3 + n. Suppose 23 = g*f - 1. What is the units digit of f?
2
Let o be (-17 - -12)*(1 - 4). Let n = 6 + o. What is the tens digit of n?
2
Let i(j) = -j**3 + 6*j**2 + 3*j. Let c be i(7). Let w = -15 - c. Let r = 21 - w. What is the units digit of r?
8
Let d(c) = c**2 + 2*c - 3. What is the units digit of d(6)?
5
Let u be 2/12 - 69/(-18). What is the units digit of 109/u - (-3)/(-12)?
7
Let j(h) = 3 + 3*h - 5 + 3*h**2 - h - h**2. What is the units digit of j(-3)?
0
Suppose -52 = -t - 4*o, 5*t + 85 = o + 366. Suppose -2*w + 56 = 2*w - 2*f, f = -5*w + t. What is the tens digit of (w/3)/((-4)/(-10))?
1
Suppose 0 = -4*v + 90 + 142. What is the units digit of v?
8
Suppose -1650 = -2*l - 4*l. What is the hundreds digit of l?
2
Let a = 87 - 83. What is the units digit of a?
4
Let g = 15 + -10. Suppose 28 = 2*w + b, g*w - 5*b + 21 = 106. What is the units digit of w?
5
Let k = 15 - -77. Let q = k - 55. What is the tens digit of q?
3
Let p be (-1)/4 - (-243)/12. What is the units digit of (6/5)/(8/p)?
3
Suppose -2*b = b + 90. Let j = 18 + b. What is the units digit of ((-9)/(-2))/(j/(-16))?
6
Suppose -3*j - 460 = -8*j - 5*n, 5*n = 0. Suppose 3*g = -g + j. What is the tens digit of g?
2
Let r = 244 - 136. Suppose 3*a = -3*t + r, -2*t + 164 = 3*t - 3*a. What is the units digit of t?
4
Let n(u) = 16*u**3 - u**2 + 6*u - 3. What is the hundreds digit of n(2)?
1
Suppose 5*w - 23 = 2. Suppose 2*n - 14 = -t, 13 = -3*t + w*n - 0. Suppose 0*x - 28 = -2*k + 2*x, -61 = -5*k - t*x. What is the units digit of k?
3
Suppose 0*o - 4*o + 8 = 0. Suppose 0 = o*m + 10, -3*b + m + 4*m + 58 = 0. What is the units digit of b?
1
What is the units digit of (-219)/(-21) - 9/21?
0
Let m = -27 + 32. What is the units digit of m?
5
Let s(v) = v**3 + 8*v**2 + 6*v + 8. Let i be -1 - -4 - (12 + -2). What is the units digit of s(i)?
5
Suppose 0 = 7*m - 84 + 21. What is the units digit of m?
9
Let v(l) = l**3 - 8*l**2 + 8*l + 7. Suppose -2 = -0*s - s. Suppose 0 = s*w + w - 21. What is the tens digit of v(w)?
1
Let k be (2/4)/(4/(-64)). Suppose -v - 3*g = -10, 3*g = 2*v - 0*v + 25. Let t = v - k. What is the units digit of t?
3
Suppose 3*s - u + 7 = -20, -u = -s - 7. What is the units digit of (-42)/s + (-8)/40?
4
Suppose 5*r + 20 = r. Let d be ((-6)/(-9))/((4/(-3))/4). Let w = d - r. What is the units digit of w?
3
Let b = 107 - 63. Suppose 3*l + 15 = 0, 3*a = a - 4*l - 14. Suppose r + 39 = a*h, -3*h + 4*r = -4 - b. What is the tens digit of h?
1
Suppose -149 - 52 = -3*f. What is the units digit of f?
7
Let v be ((-24)/9)/2*-3. Let c(y) = 6*y**2 - v*y**2 - 2*y**3 + 9*y**3 - 1. What is the units digit of c(1)?
8
What is the tens digit of (-4)/(-10) - 756/(-60)?
1
Let y be (-10)/40 + 13/4. What is the units digit of (104/(-12))/((-2)/y)?
3
Let k = 2 - -3. Suppose 0 = 2*m - m - k*o + 10, -18 = 3*m - 3*o. What is the units digit of 2/m + (-34)/(-10)?
3
Suppose -5*n = 5*w - 1270, n - 1007 = -4*w - 0*n. What is the tens digit of w?
5
Let r(n) = -3*n + 5*n**2 - 4 - 5*n**2 + 2*n**2 - 5*n. What is the units digit of r(6)?
0
What is the tens digit of 1 + 3545/45 + 4/18?
8
Let c be -14*((-2)/4 + 1). Suppose k - 3*k + 4*d = -8, 2*d = 2*k - 14. Let n = k + c. What is the units digit of n?
3
Suppose -m = -2*m - 6. Let f = m + 10. Suppose 4*l - 52 = -f*y, -10 + 38 = y + 4*l. What is the units digit of y?
8
Suppose 94 = 3*x + 4*a, -2 = -0*a - 2*a. Let z be (-2 - x/(-3)) + 0. Let y(i) = -i**3 + 8*i**2 + i - 6. What is the units digit of y(z)?
2
Suppose -5*a + 312 = -3*j, 2*a + j - 3*j = 128. Let g be (-1 - -2)/(6/a). What is the units digit of ((-15)/g)/(2/(-12))?
9
Suppose -151 = 4*t + t + 4*z, 0 = 5*t - 3*z + 123. Let u be 1/(-2) + t/(-6). Suppose -l = -u*a + 8, -2*l + 1 = a - 1. What is the units digit of a?
2
Suppose 4*t - 10 = 2*i, 0 = 5*i + t - 2*t - 20. Let n = i + -2. Suppose 0 = n*z, -2*j + 0*z + 3*z = -6. What is the units digit of j?
3
Suppose -35 = -10*k + 9*k. What is the units digit of k?
5
Let t(x) = x**2 - 6*x - 12. What is the units digit of t(-5)?
3
Suppose 3*p = -z, -4*z + 8*p = 3*p + 51. Let m(k) = k**3 + 8*k**2 - 14*k - 11. Let f be m(z). Suppose 2*b = f - 10. What is the units digit of b?
2
Suppose v + 4*z - 1 - 2 = 0, 15 = 5*v + 5*z. Suppose 16 = -v*t + t. Let s = t + 14. What is the units digit of s?
6
Suppose -4*d = 0, v + 3*d - 21 = 12. What is the units digit of v?
3
Suppose 3*g = 6*w - 5*w - 89, 4 = -4*g. What is the tens digit of w?
8
Suppose -53 = -4*l - 1. What is the units digit of l?
3
Let x(v) = v**3 + 7*v**2 - 2*v - 8. What is the units digit of x(-4)?
8
What is the hundreds digit of (14/(-8)*2)/(4/(-136))?
1
Suppose -3*s = -5*n + 24 - 75, 49 = -5*n + 2*s. Let b = 17 - 40. Let i = n - b. What is the tens digit of i?
1
Let z(i) = 2*i**2 - 6*i - 10. Let u(a) = -5*a**2 + 18*a + 29. Let o(y) = 3*u(y) + 8*z(y). Let n = -6 - 0. What is the units digit of o(n)?
7
Suppose a + 1 = 47. What is the units digit of a?
6
Let g(m) = m**3 - 2*m**2 - m + 2. Let i be g(2). Let r(v) = -v**2 - v. Let n be r(i). Suppose 3*l = -n*l + 9. What is the units digit of l?
3
Let h be ((-4)/6)/(6/(-18)). Suppose -h*l - 3 = 3. Let v = l + 5. What is the units digit of v?
2
Suppose -5*x - 10 = 0, -162 = 3*a - 5*a + 4*x. What is the units digit of a?
7
Suppose -3*c + 8 = c, 152 = o - 2*c. What is the units digit of o?
6
Let t(g) = 9*g**3 - 3*g**2 + 4*g + 16. Let j(o) = -5*o**3 + o**2 - 2*o - 8. Let m(q) = -11*j(q) - 6*t(q). Let k = 11 + -18. What is the units digit of m(k)?
6
Let i(q) = -q**2 + 8*q - 9. Let r be i(6). Let l be r/(1/(-57)*-3). Suppose -z = -4*z + l. What is the tens digit of z?
1
What is the units digit of (-10)/4*(-17 - -5)?
0
Suppose p - 7 + 4 = 0. Suppose -2*o + 148 = 4*l, -4*l = l + p*o - 184. What is the tens digit of l?
3
Suppose -13*o + 793 = 182. What is the units digit of o?
7
Let o = 97 - 32. What is the tens digit of o?
6
Suppose 0 = -a - 5*k + 29 + 23, -a - k = -48. What is the units digit of a?
7
What is the tens digit of (-274)/(-8) + (-6)/24?
3
Let g = 94 + -57. What is the units digit of g?
7
Suppose -2*y - 2*w + 2 = 4, 2*w + 23 = 5*y. Suppose -21 = -3*a + y*i, -6 = -2*a + 4*i + 16. Suppose -a*r + 4 = -5. What is the units digit of r?
3
Let s be (-9)/(-4) + 3/(-12). Let m(h) = -6*h - h**2 - h**3 + 2*h + 7*h**s. What is the units digit of m(5)?
5
Let z = -80 - -135. Suppose 3*q = z + 29. What is the tens digit of q?
2
Suppose 3*p = -3*y + 15, 0*y - 3*p = -y + 5. Suppose 5*v - 40 = y*m, 5*v + 3 - 28 = 0. What is the units digit of (3/2)/(m/(-12))?
6
Suppose -3*j + 2*u + 135 = 0, 3*j + 180 = 7*j - 3*u. What is the tens digit of j?
4
Let j(g) be the second derivative of g**4/12 + g**3/2 + 15*g**2/2 + 10*g. What is the units digit of j(0)?
5
Suppose -4*x - 4 = -2*b, 4*x + 4 - 10 = -3*b. Suppose x*p = p - 27. What is the tens digit of p?
2
Let o(c) = -11*c + 17. Let k(v) = 5*v - 8. Let u(h) = -13*k(h) - 6*o(h). What is the units digit of u(5)?
7
Suppose 0 = 2*a - 5*o - 306, 4*o - 436 = -3*a - 0*o. What is the hundreds digit of a?
1
Let b = -3 - -1. Let f be 5 + (6/3)/b. Suppose 6*p - 3*p + 22 = f*t, 3*p - 27 = -3*t. What is the units digit of t?
7
Let j(i) = 5*i - 1. Let c be j(2). Let l be (3 + -6 - -2) + 4. What is the units digit of l*3*3/c?
3
Suppose b - 4*f - 277 = -0*b, -4*b + 3*f = -1121. What is the units digit of b?
1
Let s = -101 + 70. Let c = s + 65. What is the units digit of c?
4
Suppose 5*q - 25 = 0, 3*x - 901 = q + 3*q. What is the units digit of x?
7
Suppose -12 = -c - 3*n, -2*c + 0*n = -3*n + 12. Suppose 0*v + 2*v - 44 = c. What is the tens digit of v?
2
Let t(z) = -z**3 -